{"id":245,"date":"2021-07-27T08:35:26","date_gmt":"2021-07-27T06:35:26","guid":{"rendered":"https:\/\/www.moreauabc.fr\/?page_id=245"},"modified":"2025-10-28T07:39:42","modified_gmt":"2025-10-28T06:39:42","slug":"le-rucher","status":"publish","type":"page","link":"https:\/\/www.moreauabc.fr\/index.php\/le-rucher\/","title":{"rendered":"Le rucher"},"content":{"rendered":"\n<figure class=\"wp-block-image size-large\"><img loading=\"lazy\" decoding=\"async\" width=\"724\" height=\"1024\" src=\"https:\/\/www.moreauabc.fr\/wp-content\/uploads\/2025\/10\/Ou-butinent-nos-abeilles-724x1024.png\" alt=\"\" class=\"wp-image-505\" srcset=\"https:\/\/www.moreauabc.fr\/wp-content\/uploads\/2025\/10\/Ou-butinent-nos-abeilles-724x1024.png 724w, https:\/\/www.moreauabc.fr\/wp-content\/uploads\/2025\/10\/Ou-butinent-nos-abeilles-212x300.png 212w, https:\/\/www.moreauabc.fr\/wp-content\/uploads\/2025\/10\/Ou-butinent-nos-abeilles-768x1086.png 768w, https:\/\/www.moreauabc.fr\/wp-content\/uploads\/2025\/10\/Ou-butinent-nos-abeilles-1086x1536.png 1086w, https:\/\/www.moreauabc.fr\/wp-content\/uploads\/2025\/10\/Ou-butinent-nos-abeilles.png 1414w\" sizes=\"auto, (max-width: 724px) 100vw, 724px\" \/><\/figure>\n\n\n\n<p>Les ruches sont r\u00e9parties \u00e0 plusieurs endroits afin de couvrir une zone de butinage plus large. Nous disposons de deux types de rucher :<\/p>\n\n\n\n<div class=\"wp-block-columns is-layout-flex wp-container-core-columns-is-layout-9d6595d7 wp-block-columns-is-layout-flex\">\n<div class=\"wp-block-column is-layout-flow wp-block-column-is-layout-flow\" style=\"flex-basis:66.66%\">\n<figure class=\"wp-block-gallery has-nested-images columns-default is-cropped wp-block-gallery-1 is-layout-flex wp-block-gallery-is-layout-flex\">\n<figure class=\"wp-block-image size-large\"><img loading=\"lazy\" decoding=\"async\" width=\"1024\" height=\"576\" data-id=\"256\" src=\"https:\/\/www.moreauabc.fr\/wp-content\/uploads\/2021\/07\/20191222_154451-1024x576.jpg\" alt=\"\" class=\"wp-image-256\" srcset=\"https:\/\/www.moreauabc.fr\/wp-content\/uploads\/2021\/07\/20191222_154451-1024x576.jpg 1024w, https:\/\/www.moreauabc.fr\/wp-content\/uploads\/2021\/07\/20191222_154451-300x169.jpg 300w, https:\/\/www.moreauabc.fr\/wp-content\/uploads\/2021\/07\/20191222_154451-768x432.jpg 768w, https:\/\/www.moreauabc.fr\/wp-content\/uploads\/2021\/07\/20191222_154451-1536x864.jpg 1536w, https:\/\/www.moreauabc.fr\/wp-content\/uploads\/2021\/07\/20191222_154451-2048x1152.jpg 2048w\" sizes=\"auto, (max-width: 1024px) 100vw, 1024px\" \/><\/figure>\n\n\n\n<figure class=\"wp-block-image size-large\"><img loading=\"lazy\" decoding=\"async\" width=\"1024\" height=\"576\" data-id=\"257\" src=\"https:\/\/www.moreauabc.fr\/wp-content\/uploads\/2021\/07\/20191002_141749-1024x576.jpg\" alt=\"\" class=\"wp-image-257\" srcset=\"https:\/\/www.moreauabc.fr\/wp-content\/uploads\/2021\/07\/20191002_141749-1024x576.jpg 1024w, https:\/\/www.moreauabc.fr\/wp-content\/uploads\/2021\/07\/20191002_141749-300x169.jpg 300w, https:\/\/www.moreauabc.fr\/wp-content\/uploads\/2021\/07\/20191002_141749-768x432.jpg 768w, https:\/\/www.moreauabc.fr\/wp-content\/uploads\/2021\/07\/20191002_141749-1536x864.jpg 1536w, https:\/\/www.moreauabc.fr\/wp-content\/uploads\/2021\/07\/20191002_141749-2048x1152.jpg 2048w\" sizes=\"auto, (max-width: 1024px) 100vw, 1024px\" \/><\/figure>\n<\/figure>\n<\/div>\n\n\n\n<div class=\"wp-block-column is-layout-flow wp-block-column-is-layout-flow\" style=\"flex-basis:33.33%\">\n<p>Des ruchers ext\u00e9rieurs en for\u00eats, les abeilles trouvent ainsi tout le nectar et pollen n\u00e9cessaires.<\/p>\n<\/div>\n<\/div>\n\n\n\n<div class=\"wp-block-columns is-layout-flex wp-container-core-columns-is-layout-9d6595d7 wp-block-columns-is-layout-flex\">\n<div class=\"wp-block-column is-layout-flow wp-block-column-is-layout-flow\" style=\"flex-basis:33.33%\">\n<p>A la maison, le rucher couvert permet de prot\u00e9ger les ruches contre les intemp\u00e9ries, facilitant ainsi le travail pour l&rsquo;\u00e9levage des reines.<\/p>\n<\/div>\n\n\n\n<div class=\"wp-block-column is-layout-flow wp-block-column-is-layout-flow\" style=\"flex-basis:66.66%\">\n<figure class=\"wp-block-image size-large is-style-rounded\"><img loading=\"lazy\" decoding=\"async\" width=\"1024\" height=\"576\" src=\"https:\/\/www.moreauabc.fr\/wp-content\/uploads\/2021\/07\/20200227_110757-1024x576.jpg\" alt=\"Rucher couvert\" class=\"wp-image-250\" srcset=\"https:\/\/www.moreauabc.fr\/wp-content\/uploads\/2021\/07\/20200227_110757-1024x576.jpg 1024w, https:\/\/www.moreauabc.fr\/wp-content\/uploads\/2021\/07\/20200227_110757-300x169.jpg 300w, https:\/\/www.moreauabc.fr\/wp-content\/uploads\/2021\/07\/20200227_110757-768x432.jpg 768w, https:\/\/www.moreauabc.fr\/wp-content\/uploads\/2021\/07\/20200227_110757-1536x864.jpg 1536w, https:\/\/www.moreauabc.fr\/wp-content\/uploads\/2021\/07\/20200227_110757-2048x1152.jpg 2048w\" sizes=\"auto, (max-width: 1024px) 100vw, 1024px\" \/><\/figure>\n<\/div>\n<\/div>\n","protected":false},"excerpt":{"rendered":"<p>Les ruches sont r\u00e9parties \u00e0 plusieurs endroits afin de couvrir une zone de butinage plus large. Nous disposons de deux types de rucher : Des ruchers ext\u00e9rieurs en for\u00eats, les abeilles trouvent ainsi tout le nectar et pollen n\u00e9cessaires. A la maison, le rucher couvert permet de prot\u00e9ger les ruches contre les intemp\u00e9ries, facilitant ainsi [&hellip;]<\/p>\n","protected":false},"author":1,"featured_media":0,"parent":0,"menu_order":0,"comment_status":"closed","ping_status":"closed","template":"","meta":{"footnotes":""},"class_list":["post-245","page","type-page","status-publish","hentry"],"_links":{"self":[{"href":"https:\/\/www.moreauabc.fr\/index.php\/wp-json\/wp\/v2\/pages\/245","targetHints":{"allow":["GET"]}}],"collection":[{"href":"https:\/\/www.moreauabc.fr\/index.php\/wp-json\/wp\/v2\/pages"}],"about":[{"href":"https:\/\/www.moreauabc.fr\/index.php\/wp-json\/wp\/v2\/types\/page"}],"author":[{"embeddable":true,"href":"https:\/\/www.moreauabc.fr\/index.php\/wp-json\/wp\/v2\/users\/1"}],"replies":[{"embeddable":true,"href":"https:\/\/www.moreauabc.fr\/index.php\/wp-json\/wp\/v2\/comments?post=245"}],"version-history":[{"count":9,"href":"https:\/\/www.moreauabc.fr\/index.php\/wp-json\/wp\/v2\/pages\/245\/revisions"}],"predecessor-version":[{"id":506,"href":"https:\/\/www.moreauabc.fr\/index.php\/wp-json\/wp\/v2\/pages\/245\/revisions\/506"}],"wp:attachment":[{"href":"https:\/\/www.moreauabc.fr\/index.php\/wp-json\/wp\/v2\/media?parent=245"}],"curies":[{"name":"wp","href":"https:\/\/api.w.org\/{rel}","templated":true}]}}