{"id":46,"date":"2020-02-25T18:35:56","date_gmt":"2020-02-25T17:35:56","guid":{"rendered":"http:\/\/www.moreauabc.fr\/?page_id=46"},"modified":"2024-05-26T11:05:46","modified_gmt":"2024-05-26T09:05:46","slug":"les-abeilles-moreau","status":"publish","type":"page","link":"https:\/\/www.moreauabc.fr\/","title":{"rendered":"Bienvenue sur notre site"},"content":{"rendered":"\n<div class=\"wp-block-columns is-layout-flex wp-container-core-columns-is-layout-9d6595d7 wp-block-columns-is-layout-flex\">\n<div class=\"wp-block-column is-layout-flow wp-block-column-is-layout-flow\">\n<ul class=\"wp-block-social-links is-style-pill-shape is-horizontal is-content-justification-center is-layout-flex wp-container-core-social-links-is-layout-499968f5 wp-block-social-links-is-layout-flex\"><li class=\"wp-social-link wp-social-link-facebook  wp-block-social-link\"><a rel=\"noopener nofollow\" target=\"_blank\" href=\"https:\/\/www.facebook.com\/Les-abeilles-Moreau-103485012390163\/\" class=\"wp-block-social-link-anchor\"><svg width=\"24\" height=\"24\" viewBox=\"0 0 24 24\" version=\"1.1\" xmlns=\"http:\/\/www.w3.org\/2000\/svg\" aria-hidden=\"true\" focusable=\"false\"><path d=\"M12 2C6.5 2 2 6.5 2 12c0 5 3.7 9.1 8.4 9.9v-7H7.9V12h2.5V9.8c0-2.5 1.5-3.9 3.8-3.9 1.1 0 2.2.2 2.2.2v2.5h-1.3c-1.2 0-1.6.8-1.6 1.6V12h2.8l-.4 2.9h-2.3v7C18.3 21.1 22 17 22 12c0-5.5-4.5-10-10-10z\"><\/path><\/svg><span class=\"wp-block-social-link-label screen-reader-text\">Facebook<\/span><\/a><\/li><\/ul>\n<\/div>\n\n\n\n<div class=\"wp-block-column is-layout-flow wp-block-column-is-layout-flow\">\n<figure class=\"wp-block-image size-full is-style-default\"><img loading=\"lazy\" decoding=\"async\" width=\"206\" height=\"254\" src=\"https:\/\/www.moreauabc.fr\/wp-content\/uploads\/2020\/05\/Logo.jpg\" alt=\"\" class=\"wp-image-214\"\/><\/figure>\n<\/div>\n<\/div>\n\n\n\n<div class=\"wp-block-media-text\"><figure class=\"wp-block-media-text__media\"><img loading=\"lazy\" decoding=\"async\" width=\"778\" height=\"1024\" src=\"http:\/\/www.moreauabc.fr\/wp-content\/uploads\/2020\/02\/michael-e1582907428319-778x1024.jpg\" alt=\"\" class=\"wp-image-116 size-full\" srcset=\"https:\/\/www.moreauabc.fr\/wp-content\/uploads\/2020\/02\/michael-e1582907428319-778x1024.jpg 778w, https:\/\/www.moreauabc.fr\/wp-content\/uploads\/2020\/02\/michael-e1582907428319-228x300.jpg 228w, https:\/\/www.moreauabc.fr\/wp-content\/uploads\/2020\/02\/michael-e1582907428319-768x1011.jpg 768w, https:\/\/www.moreauabc.fr\/wp-content\/uploads\/2020\/02\/michael-e1582907428319.jpg 912w\" sizes=\"auto, (max-width: 778px) 100vw, 778px\" \/><\/figure><div class=\"wp-block-media-text__content\">\n<p class=\"font_9\"><span class=\"color_15\">Nous nous effor\u00e7ons de profiter au maximum de tout ce que la nature a \u00e0 nous offrir. C&rsquo;est pourquoi nous essayons de produire nous m\u00eames nos produits alimentaires afin d&rsquo;obtenir des produits de qualit\u00e9. Nous avons commenc\u00e9 l&rsquo;apiculture en 2004 avec une ruche et la passion pour l&rsquo;apiculture \u00e9tant de plus en plus forte, nous avons d\u00e9velopp\u00e9 notre rucher et proposons aujourd&rsquo;hui du miel \u00e0 la vente. J&rsquo;ai un dipl\u00f4me d&rsquo;apiculture obtenu aupr\u00e8s de la F\u00e9d\u00e9ration Royale des Unions Professionnelles Apicoles du Hainaut (Belgique). Notre production est limit\u00e9e (en fonction des r\u00e9coltes, nous ne vendons que le miel de nos abeilles) et l&rsquo;id\u00e9e de ce site internet nous est venue afin de pr\u00e9venir nos clients de la disponibilit\u00e9 de nos produits.<\/span><\/p>\n<p class=\"font_9\"><span class=\"color_15\">Nous essayons de faire conna\u00eetre le monde des abeilles aux jeunes dans l&rsquo;esprit de prot\u00e9ger nos amies ail\u00e9es. C&rsquo;est pourquoi nous intervenons parfois aupr\u00e8s des \u00e9coles.<\/span><\/p>\n<p class=\"font_9\"><span class=\"color_15\"><span class=\"wixGuard\">\u200b<\/span><\/span><\/p>\n<p class=\"font_9\"><span class=\"color_15\">Nous proposons \u00e9galement la r\u00e9cup\u00e9ration d&rsquo;essaims d&rsquo;abeilles dans les communes de Servins et Gouy Servins afin de vous lib\u00e9rer d&rsquo;individus parfois envahissants \ud83d\ude09<\/span><\/p>\n<\/div><\/div>\n\n\n\n<div class=\"wp-block-columns is-layout-flex wp-container-core-columns-is-layout-9d6595d7 wp-block-columns-is-layout-flex\">\n<div class=\"wp-block-column is-layout-flow wp-block-column-is-layout-flow\" style=\"flex-basis:33.33%\">\n<p>Notre adresse :<\/p>\n<p>7 rue de Bouvigny<\/p>\n<p>62 530 Servins<\/p>\n<p>Tel. : 06 76 93 81 43<\/p>\n<\/div>\n\n\n\n<div class=\"wp-block-column is-layout-flow wp-block-column-is-layout-flow\" style=\"flex-basis:66.66%\">\n<iframe loading=\"lazy\" src=\"https:\/\/www.google.com\/maps\/embed?pb=!1m18!1m12!1m3!1d2542.6257861252043!2d2.6401750155457306!3d50.41081129810163!2m3!1f0!2f0!3f0!3m2!1i1024!2i768!4f13.1!3m3!1m2!1s0x47dd3dd2a3b7c035%3A0xb9a9e36c90077bfd!2s7%20Rue%20de%20Bouvigny%2C%2062530%20Servins!5e0!3m2!1sfr!2sfr!4v1582814006684!5m2!1sfr!2sfr\" width=\"600\" height=\"450\" frameborder=\"0\" style=\"border:0;\" allowfullscreen=\"\"><\/iframe>\n<\/div>\n<\/div>\n\n\n\n<div class=\"wp-block-carousel-slider-slider\"><div class=\"carousel-slider-outer carousel-slider-outer-post-carousel carousel-slider-outer-36\" style=\"--carousel-slider-nav-color:#f1f1f1;--carousel-slider-active-nav-color:#00d1b2;--carousel-slider-arrow-size:48px;--carousel-slider-bullet-size:10px\">\n<div id=\"&#039;id-36\" class=\"carousel-slider carousel-slider-36 arrows-visibility-hover dots-visibility-always arrows-outside dots-center dots-square owl-carousel\" data-slide-type=\"post-carousel\" data-owl-settings='{\"nav\":true,\"dots\":true,\"slideBy\":1,\"stagePadding\":0,\"margin\":10,\"loop\":true,\"lazyLoad\":true,\"autoplay\":true,\"autoplayTimeout\":5000,\"autoplaySpeed\":500,\"autoplayHoverPause\":true,\"autoWidth\":false,\"responsive\":{\"300\":{\"items\":1},\"576\":{\"items\":2},\"768\":{\"items\":2},\"1024\":{\"items\":3},\"1280\":{\"items\":4},\"1536\":{\"items\":5}}}'>\n<\/div><!-- .carousel-slider-36 -->\n<\/div><!-- .carousel-slider-outer-36 -->\n<\/div>\n\n\n\n<ul class=\"wp-block-social-links is-layout-flex wp-block-social-links-is-layout-flex\"><\/ul>\n","protected":false},"excerpt":{"rendered":"<p>Nous nous effor\u00e7ons de profiter au maximum de tout ce que la nature a \u00e0 nous offrir. C&rsquo;est pourquoi nous essayons de produire nous m\u00eames nos produits alimentaires afin d&rsquo;obtenir des produits de qualit\u00e9. Nous avons commenc\u00e9 l&rsquo;apiculture en 2004 avec une ruche et la passion pour l&rsquo;apiculture \u00e9tant de plus en plus forte, nous [&hellip;]<\/p>\n","protected":false},"author":1,"featured_media":0,"parent":0,"menu_order":0,"comment_status":"closed","ping_status":"closed","template":"","meta":{"footnotes":""},"class_list":["post-46","page","type-page","status-publish","hentry"],"_links":{"self":[{"href":"https:\/\/www.moreauabc.fr\/index.php\/wp-json\/wp\/v2\/pages\/46","targetHints":{"allow":["GET"]}}],"collection":[{"href":"https:\/\/www.moreauabc.fr\/index.php\/wp-json\/wp\/v2\/pages"}],"about":[{"href":"https:\/\/www.moreauabc.fr\/index.php\/wp-json\/wp\/v2\/types\/page"}],"author":[{"embeddable":true,"href":"https:\/\/www.moreauabc.fr\/index.php\/wp-json\/wp\/v2\/users\/1"}],"replies":[{"embeddable":true,"href":"https:\/\/www.moreauabc.fr\/index.php\/wp-json\/wp\/v2\/comments?post=46"}],"version-history":[{"count":29,"href":"https:\/\/www.moreauabc.fr\/index.php\/wp-json\/wp\/v2\/pages\/46\/revisions"}],"predecessor-version":[{"id":367,"href":"https:\/\/www.moreauabc.fr\/index.php\/wp-json\/wp\/v2\/pages\/46\/revisions\/367"}],"wp:attachment":[{"href":"https:\/\/www.moreauabc.fr\/index.php\/wp-json\/wp\/v2\/media?parent=46"}],"curies":[{"name":"wp","href":"https:\/\/api.w.org\/{rel}","templated":true}]}}

<div class="wp-block-columns is-layout-flex wp-container-core-columns-is-layout-9d6595d7 wp-block-columns-is-layout-flex">
<div class="wp-block-column is-layout-flow wp-block-column-is-layout-flow">
<ul class="wp-block-social-links is-style-pill-shape is-horizontal is-content-justification-center is-layout-flex wp-container-core-social-links-is-layout-499968f5 wp-block-social-links-is-layout-flex"><li class="wp-social-link wp-social-link-facebook  wp-block-social-link"><a rel="noopener nofollow" target="_blank" href="https://www.facebook.com/Les-abeilles-Moreau-103485012390163/" class="wp-block-social-link-anchor"><svg width="24" height="24" viewBox="0 0 24 24" version="1.1" xmlns="http://www.w3.org/2000/svg" aria-hidden="true" focusable="false"><path d="M12 2C6.5 2 2 6.5 2 12c0 5 3.7 9.1 8.4 9.9v-7H7.9V12h2.5V9.8c0-2.5 1.5-3.9 3.8-3.9 1.1 0 2.2.2 2.2.2v2.5h-1.3c-1.2 0-1.6.8-1.6 1.6V12h2.8l-.4 2.9h-2.3v7C18.3 21.1 22 17 22 12c0-5.5-4.5-10-10-10z"></path></svg><span class="wp-block-social-link-label screen-reader-text">Facebook</span></a></li></ul>
</div>



<div class="wp-block-column is-layout-flow wp-block-column-is-layout-flow">
<figure class="wp-block-image size-full is-style-default"><img loading="lazy" decoding="async" width="206" height="254" src="https://www.moreauabc.fr/wp-content/uploads/2020/05/Logo.jpg" alt="" class="wp-image-214"/></figure>
</div>
</div>



<div class="wp-block-media-text"><figure class="wp-block-media-text__media"><img loading="lazy" decoding="async" width="778" height="1024" src="http://www.moreauabc.fr/wp-content/uploads/2020/02/michael-e1582907428319-778x1024.jpg" alt="" class="wp-image-116 size-full" srcset="https://www.moreauabc.fr/wp-content/uploads/2020/02/michael-e1582907428319-778x1024.jpg 778w, https://www.moreauabc.fr/wp-content/uploads/2020/02/michael-e1582907428319-228x300.jpg 228w, https://www.moreauabc.fr/wp-content/uploads/2020/02/michael-e1582907428319-768x1011.jpg 768w, https://www.moreauabc.fr/wp-content/uploads/2020/02/michael-e1582907428319.jpg 912w" sizes="auto, (max-width: 778px) 100vw, 778px" /></figure><div class="wp-block-media-text__content">
<p class="font_9"><span class="color_15">Nous nous efforçons de profiter au maximum de tout ce que la nature a à nous offrir. C&rsquo;est pourquoi nous essayons de produire nous mêmes nos produits alimentaires afin d&rsquo;obtenir des produits de qualité. Nous avons commencé l&rsquo;apiculture en 2004 avec une ruche et la passion pour l&rsquo;apiculture étant de plus en plus forte, nous avons développé notre rucher et proposons aujourd&rsquo;hui du miel à la vente. J&rsquo;ai un diplôme d&rsquo;apiculture obtenu auprès de la Fédération Royale des Unions Professionnelles Apicoles du Hainaut (Belgique). Notre production est limitée (en fonction des récoltes, nous ne vendons que le miel de nos abeilles) et l&rsquo;idée de ce site internet nous est venue afin de prévenir nos clients de la disponibilité de nos produits.</span></p>
<p class="font_9"><span class="color_15">Nous essayons de faire connaître le monde des abeilles aux jeunes dans l&rsquo;esprit de protéger nos amies ailées. C&rsquo;est pourquoi nous intervenons parfois auprès des écoles.</span></p>
<p class="font_9"><span class="color_15"><span class="wixGuard">​</span></span></p>
<p class="font_9"><span class="color_15">Nous proposons également la récupération d&rsquo;essaims d&rsquo;abeilles dans les communes de Servins et Gouy Servins afin de vous libérer d&rsquo;individus parfois envahissants 😉</span></p>
</div></div>



<div class="wp-block-columns is-layout-flex wp-container-core-columns-is-layout-9d6595d7 wp-block-columns-is-layout-flex">
<div class="wp-block-column is-layout-flow wp-block-column-is-layout-flow" style="flex-basis:33.33%">
<p>Notre adresse :</p>
<p>7 rue de Bouvigny</p>
<p>62 530 Servins</p>
<p>Tel. : 06 76 93 81 43</p>
</div>



<div class="wp-block-column is-layout-flow wp-block-column-is-layout-flow" style="flex-basis:66.66%">
<iframe loading="lazy" src="https://www.google.com/maps/embed?pb=!1m18!1m12!1m3!1d2542.6257861252043!2d2.6401750155457306!3d50.41081129810163!2m3!1f0!2f0!3f0!3m2!1i1024!2i768!4f13.1!3m3!1m2!1s0x47dd3dd2a3b7c035%3A0xb9a9e36c90077bfd!2s7%20Rue%20de%20Bouvigny%2C%2062530%20Servins!5e0!3m2!1sfr!2sfr!4v1582814006684!5m2!1sfr!2sfr" width="600" height="450" frameborder="0" style="border:0;" allowfullscreen=""></iframe>
</div>
</div>



<div class="wp-block-carousel-slider-slider"><div class="carousel-slider-outer carousel-slider-outer-post-carousel carousel-slider-outer-36" style="--carousel-slider-nav-color:#f1f1f1;--carousel-slider-active-nav-color:#00d1b2;--carousel-slider-arrow-size:48px;--carousel-slider-bullet-size:10px">
<div id="&#039;id-36" class="carousel-slider carousel-slider-36 arrows-visibility-hover dots-visibility-always arrows-outside dots-center dots-square owl-carousel" data-slide-type="post-carousel" data-owl-settings='{"nav":true,"dots":true,"slideBy":1,"stagePadding":0,"margin":10,"loop":true,"lazyLoad":true,"autoplay":true,"autoplayTimeout":5000,"autoplaySpeed":500,"autoplayHoverPause":true,"autoWidth":false,"responsive":{"300":{"items":1},"576":{"items":2},"768":{"items":2},"1024":{"items":3},"1280":{"items":4},"1536":{"items":5}}}'>
</div><!-- .carousel-slider-36 -->
</div><!-- .carousel-slider-outer-36 -->
</div>



<ul class="wp-block-social-links is-layout-flex wp-block-social-links-is-layout-flex"></ul>

<p>Nous nous efforçons de profiter au maximum de tout ce que la nature a à nous offrir. C&rsquo;est pourquoi nous essayons de produire nous mêmes nos produits alimentaires afin d&rsquo;obtenir des produits de qualité. Nous avons commencé l&rsquo;apiculture en 2004 avec une ruche et la passion pour l&rsquo;apiculture étant de plus en plus forte, nous [&hellip;]</p>
